mber?
True
Let a(m) = 54*m**2 + 3*m + 1. Let q(r) = -3*r - 7. Let o be q(-2). Let i be o*-4*4/8. Is a(i) a prime number?
True
Let i = 5317 + -1824. Is i prime?
False
Let n be (-1145)/4 - (34/(-8) - -4). Let r be (n/(-52))/((-2)/(-68)). Suppose 0*d = -2*b + 4*d + 398, b + d = r. Is b composite?
False
Let t be 2/(-2) + (4 - 1). Let w = 1190 + -1220. Is (-1602)/w + t/(-5) a composite number?
False
Let r = -9504 - -27523. Is r composite?
True
Let m(j) = -4*j + 68. Let s be m(17). Let w(x) = -34*x + 7593. Is w(s) a prime number?
False
Suppose 0 = 5*l + 11 - 21. Let f(v) be the second derivative of 9*v**4/2 - 2*v**3/3 + 3*v**2/2 + 20*v. Is f(l) a prime number?
True
Let l be (-2)/(-9) + 949172/18. Suppose 0 = 10*a - 17638 - l. Is a a prime number?
False
Let p(v) = 1636*v + 54. Let k be p(2). Suppose 2*i = -u + k, -8*i = -10*i + 4*u + 3326. Is i a composite number?
False
Let j = 4472 - 1155. Suppose -2*c - 9987 = -3*u - 5*c, u - j = 3*c. Is u a prime number?
False
Is ((-34)/6 + 6 + 218967/(-18))*-2 prime?
True
Suppose -40014 = -2*k - 5*c, c - 56409 = -5*k + 43672. Is k a prime number?
False
Let p(v) = 57*v**2 + 21*v + 197. Is p(-11) prime?
True
Suppose 0 = -5*x + 2*r + 42, 6*r = 3*x + 3*r - 18. Suppose 6*j - x*j + 28 = 0. Suppose j*p = 2209 + 3454. Is p a composite number?
False
Let g(y) = 243*y**2 - 6*y - 6. Let d be g(-4). Suppose -2*r - 5855 = -3*o, 0*o - 2*o + d = -2*r. Is o composite?
False
Let m = -110526 + 157233. Is m composite?
True
Let f = 25 + -21. Suppose a + f*j - 273 = 0, 2*j + 1 = -7. Is (-1 - a)*(-9)/18 a composite number?
True
Suppose -q - k + 4831 = 0, 4*k = 6*q - 8*q + 9652. Let f = 7601 + q. Is f composite?
False
Is ((-19054)/56 - 2)*-4 composite?
True
Suppose 4073559 + 466991 = 90*b - 13505620. Is b a prime number?
True
Suppose 11*z + 3320675 = -53*z + 8734371. Is z composite?
False
Let c be 0/(-1 - (-2 + 2)). Suppose c = 63*o - 62*o. Suppose 2*i = -o*i + 422. Is i composite?
False
Let p = 34 - 30. Suppose -p*r + i + 2996 = 0, 754 = 3*r + i - 1486. Suppose 1234 = 2*s - r. Is s prime?
True
Suppose 3*f + 7*g = 2*g + 2901, -f - g = -969. Let u = 1815 - f. Is u a prime number?
False
Is 5 - 24 - (-39363 - 137) a prime number?
False
Let f = 46 - 45. Let q be (-6227)/(-2)*(f + 2 - 1). Suppose 4*n - q = -2*v - v, 5*v - n = 10409. Is v a prime number?
True
Suppose 3*c - 11 = 2*w + 6*c, -5*w + 35 = -5*c. Suppose -w*a + 2*b = -10848, 19514 = 3*a + 5*b + 3282. Is a prime?
True
Let g(i) = 3*i**2 + 5*i + 1. Suppose 4*m = -44 + 8. Let o(s) = 3*s + 16. Let a be o(m). Is g(a) prime?
False
Suppose 4*l = 80*t - 76*t - 152044, 2*t + 4*l = 76010. Is t a prime number?
False
Let h(d) = 3185*d**2 + 66*d - 196. Is h(3) prime?
False
Suppose -4*j - 3 = 3*y - 17, 0 = 3*j + 3*y - 12. Suppose 0 = -n + 3, 4*q + 0*q = j*n - 4310. Let b = -665 - q. Is b a prime number?
False
Let x(t) = t**3 + 5*t**2 + 5*t + 1. Let z be x(-4). Suppose 21 = 34*h - 37*h. Is (2 - z/2)/(h/(-266)) composite?
True
Let p(f) = -317834*f - 639. Is p(-2) prime?
False
Let k = 287 + -289. Is k/(-4) + (-506)/(-4) a composite number?
False
Suppose 25573354 + 420188 = 138*z. Is z composite?
False
Suppose -3069 = -4*w - 7*w. Let v(h) = 6*h + 281*h**2 - 3 - w*h**2 - 10. Is v(7) a prime number?
True
Let w = 529638 + -189569. Is w a composite number?
True
Let p(z) = 8895*z - 18. Let c be p(3). Let u = -10687 + c. Suppose 0 = 5*a - 3175 - u. Is a a composite number?
True
Suppose 0 = -99*h + 35562336 + 5544147. Is h prime?
False
Let k = -4025 - 578. Let h = -2702 - k. Is h a composite number?
False
Suppose -5*w - 378 = -2*z + 501, 5*w = z - 432. Let p = 1764 - z. Is p a composite number?
True
Suppose 130*c - 150*c = -325420. Is c a prime number?
False
Let n = 282588 - -110611. Is n prime?
False
Let m = 31193 - 8370. Is m prime?
False
Suppose -f - 5 = 0, -4*g - 9*f + 10*f = -105313. Is g composite?
True
Let g(a) = -a**2 - 11*a + 15. Suppose 0 = -3*z - 3*x - 51, 0 = -3*z - 5*x - 33 - 28. Let v be g(z). Suppose -v*w = -w - 1474. Is w a composite number?
True
Suppose 2*l = -2*k + 155754, -389361 = -5*k + 21*l - 20*l. Is k a composite number?
True
Let o = 89 - 89. Suppose -3*k + 709 + 224 = o. Let g = -150 + k. Is g composite?
True
Suppose 123*r - 127*r + 70996 = 2*o, -2*o = 3*r - 53249. Is r a composite number?
False
Let a be -2 + -2 + ((-36)/(-4))/(-3). Let p(d) = -d**3 - 9*d**2 - 13*d + 4. Let w be p(a). Is (632/(-12) + w)/((-2)/6) a prime number?
True
Suppose i = 4*i - 3. Let n be i/(-1) + 0 - (-231 + -6). Suppose -16*o - n = -20*o. Is o a prime number?
True
Suppose 4*l - 3*m - 46 = -l, -5*l - m + 38 = 0. Suppose 0 = 3*y + f + l, -3*f - 2 = 4. Is (4/6)/(y/(-5061)) a composite number?
True
Suppose -56508794 - 32756170 = -228*c. Is c prime?
False
Let h = 287 - 291. Let b = 7685 + h. Is b a prime number?
True
Let s = 357 + -46. Suppose 3*q - 317 = -a - 2*q, -a - 2*q + s = 0. Is a prime?
True
Let g(z) = 65*z**2 + 722*z + 43. Is g(-108) composite?
True
Let z(j) = 6*j - 5*j - 11 - 6*j. Let k be z(-3). Suppose 3*s - k*d - 1025 = -2*s, 4*s + 5*d = 779. Is s composite?
True
Let x(h) = -5*h - 18. Let a be x(-8). Let r = -22 + a. Suppose 5*u - 2589 = -j, r*j + 1563 = 3*u + 3*j. Is u a composite number?
True
Let u = -157010 - -222745. Is u composite?
True
Suppose 4*d - 27049 = -5*o + 962, 0 = 4*o + 4*d - 22408. Is o composite?
True
Let c(y) = -23*y**3 - 3*y**2 - 8*y - 46. Let u be c(-10). Suppose -13*l + u = -6685. Is l a prime number?
False
Let u = 828 + -829. Is u/((3/(-5277))/(-1))*-1 a prime number?
True
Is (1/3)/((-319)/(-522)) - (-162652338)/198 prime?
True
Suppose 12*v + 3808 = 20*v. Suppose 0 = 36*x - 32*x - v. Is x prime?
False
Suppose 0 = 140*i - 231*i + 4981067. Is i prime?
False
Let b = 9316 + -3969. Is b a composite number?
False
Let s(m) = 1851*m - 4. Suppose 4*c = -w - 0*c + 24, 0 = 5*c - 25. Suppose -w*o = -0*o - 4. Is s(o) a prime number?
True
Let x(i) = -221*i + 20. Let p be x(7). Let m = -604 - p. Is m a composite number?
True
Let h be 147/(-7)*(-7)/49. Suppose -x - 3*i + 5551 = 0, -4*i + h = 11. Is x a composite number?
False
Let q(z) = 3*z**3 - 15*z**2 - 330*z + 127. Is q(29) a prime number?
True
Is (19 + (-6335248)/64)/(3/(-4)) composite?
False
Let t = -5177 + 3018. Let n = 44 - t. Is n prime?
True
Suppose -2*y = -6*y + 8. Suppose 2*d - 28 = 5*h, 5*d - 4*h - 28 = -2*h. Suppose -2*n + 1091 = -3*z, 543 + 551 = y*n - d*z. Is n a composite number?
False
Let d be 3 + 9 + -3 + -2. Suppose d*a = 23138 + 22005. Is a a prime number?
True
Let a = -74 + 78. Let f be 5/(5/938) - (5 - a). Suppose 2268 = y - f. Is y prime?
False
Let n = 2988 + 26870. Let h be 2/(-7) - n*(-1)/(-14). Let u = -332 - h. Is u prime?
True
Is (2 - (-21045 - 4)) + (-16)/24*-6 a composite number?
True
Let u be (-8)/10*(-105)/(-14). Is u*((-5)/(-3) - 2) + 1559 a composite number?
True
Let a = 504 - 502. Suppose 5*o = -3*s + 26797, -a*o + 17870 = 10*s - 8*s. Is s a composite number?
True
Suppose -2*b + t + 22301 = 0, -15338 = -2*b - 5*t + 6945. Is b prime?
True
Suppose 6 = 62*z - 59*z. Suppose z*d + 2*d = y - 765, 0 = -4*d - 20. Is y composite?
True
Suppose -486 = -3*l - 6*l. Suppose -48*u = -l*u + 24666. Is u a composite number?
False
Let c be 1/((-22)/(-10) - (-12 - -14)). Suppose -c*u = -4*u - 1792. Suppose p - u = 930. Is p a composite number?
True
Let d(v) = -1015*v - 477. Let n(h) = 507*h + 238. Let x(z) = 2*d(z) + 5*n(z). Is x(47) composite?
False
Suppose 2*i + 10 = 7*i - w, 3*i - 13 = 2*w. Suppose 0 = -2*a - 3*s + i, 8*s - 10 = 5*a + 3*s. Is 1/(1/(-2)) - (-892 - a) a composite number?
True
Suppose 0 = 4*g - 0 - 16. Suppose 2*f = g*x + 1346, 0 = 2*f + x + 3*x - 1370. Is f a prime number?
False
Let z be (4 - -2) + (0 - -1). Let a(d) be the first derivative of d**4 + d**3/3 - d**2/2 - 5*d + 9. Is a(z) prime?
True
Let q(w) be the third derivative of w**6/60 - 13*w**5/20 + 13*w**4/12 - w**3 + w**2. Is q(19) a prime number?
True
Let p = -80 - -95. Suppose 5*g = 5*x + 91355, 18*g - x - 54809 = p*g. Is g composite?
False
Suppose 14 = -4*u - 26. Let i = -7 - u. Is (i + -13)/5 + 187 prime?
False
Suppose 0 = -6*o - 337 + 547. Suppose -32*s - 5883 = -o*s. Is s a composite number?
True
Let b(w) = 10251*w - 872. Is b(39) a prime number?
True
Let a = -60978 - -159105. Suppose a = 5*k + 4*k. Is k a prime number?
True
Suppose o = 5*f - 2